{"id":829,"date":"2025-10-05T14:09:44","date_gmt":"2025-10-05T12:09:44","guid":{"rendered":"https:\/\/www.oranjeszvolen.sk\/eshop\/?post_type=product&#038;p=829"},"modified":"2025-10-24T06:20:15","modified_gmt":"2025-10-24T04:20:15","slug":"detske-futbalove-stulpne","status":"publish","type":"product","link":"https:\/\/www.oranjeszvolen.sk\/eshop\/index.php\/product\/detske-futbalove-stulpne\/","title":{"rendered":"Detsk\u00e9 futbalov\u00e9 \u0161tulpne"},"content":{"rendered":"<p>Futbalov\u00e9 \u0161tulpne<\/p>\n<p>Tieto \u0161tulpne s\u00fa ur\u010den\u00e9 pre mlad\u00fdch futbalistov za\u010diato\u010dn\u00edkov na hru na suchom povrchu 1\u20132\u00d7 t\u00fd\u017edenne. Priedu\u0161n\u00fd \u00faplet na priehlavku zais\u0165uje lep\u0161iu ventil\u00e1ciu a pohodlie po\u010das nosenia.<\/p>\n","protected":false},"excerpt":{"rendered":"<p>Priedu\u0161n\u00e9 futbalov\u00e9 \u0161tulpne pre mlad\u00fdch hr\u00e1\u010dov na tr\u00e9ningy a z\u00e1pasy.<\/p>\n","protected":false},"featured_media":985,"template":"","meta":{"_bst_post_transparent":"default","_bst_post_title":"","_bst_post_layout":"default","_bst_post_sidebar_id":"","_bst_post_content_style":"default","_bst_post_vertical_padding":"default","_bst_post_feature":"","_bst_post_feature_position":"","_bst_post_header":false,"_bst_post_footer":false},"product_brand":[],"product_cat":[91,94,57],"product_tag":[],"product_brands":[],"class_list":{"0":"post-829","1":"product","2":"type-product","3":"status-publish","4":"has-post-thumbnail","6":"product_cat-hrac","7":"product_cat-oblecenie-trening","8":"product_cat-vsetky-produkty","10":"first","11":"instock","12":"shipping-taxable","13":"purchasable","14":"product-type-variable","15":"entry","16":"content-bg","17":"loop-entry"},"_links":{"self":[{"href":"https:\/\/www.oranjeszvolen.sk\/eshop\/index.php\/wp-json\/wp\/v2\/product\/829","targetHints":{"allow":["GET"]}}],"collection":[{"href":"https:\/\/www.oranjeszvolen.sk\/eshop\/index.php\/wp-json\/wp\/v2\/product"}],"about":[{"href":"https:\/\/www.oranjeszvolen.sk\/eshop\/index.php\/wp-json\/wp\/v2\/types\/product"}],"wp:featuredmedia":[{"embeddable":true,"href":"https:\/\/www.oranjeszvolen.sk\/eshop\/index.php\/wp-json\/wp\/v2\/media\/985"}],"wp:attachment":[{"href":"https:\/\/www.oranjeszvolen.sk\/eshop\/index.php\/wp-json\/wp\/v2\/media?parent=829"}],"wp:term":[{"taxonomy":"product_brand","embeddable":true,"href":"https:\/\/www.oranjeszvolen.sk\/eshop\/index.php\/wp-json\/wp\/v2\/product_brand?post=829"},{"taxonomy":"product_cat","embeddable":true,"href":"https:\/\/www.oranjeszvolen.sk\/eshop\/index.php\/wp-json\/wp\/v2\/product_cat?post=829"},{"taxonomy":"product_tag","embeddable":true,"href":"https:\/\/www.oranjeszvolen.sk\/eshop\/index.php\/wp-json\/wp\/v2\/product_tag?post=829"},{"taxonomy":"product_brands","embeddable":true,"href":"https:\/\/www.oranjeszvolen.sk\/eshop\/index.php\/wp-json\/wp\/v2\/product_brands?post=829"}],"curies":[{"name":"wp","href":"https:\/\/api.w.org\/{rel}","templated":true}]}}