{"id":935,"date":"2025-10-05T20:58:58","date_gmt":"2025-10-05T18:58:58","guid":{"rendered":"https:\/\/www.oranjeszvolen.sk\/eshop\/?post_type=product&#038;p=935"},"modified":"2025-10-24T03:16:05","modified_gmt":"2025-10-24T01:16:05","slug":"vak","status":"publish","type":"product","link":"https:\/\/www.oranjeszvolen.sk\/eshop\/index.php\/product\/vak\/","title":{"rendered":"\u0160portov\u00fd batoh 15L"},"content":{"rendered":"<p>Tento \u0161t\u00fdlov\u00fd \u010dierny batoh je navrhnut\u00fd s d\u00f4razom na odolnos\u0165 a pohodlie. Pon\u00faka priestrann\u00e9 hlavn\u00e9 vrecko, predn\u00e9 vrecko na zips a nastavite\u013en\u00e9 polstrovan\u00e9 ramenn\u00e9 popruhy pre pohodln\u00e9 nosenie.<\/p>\n<p>Vyroben\u00fd z kvalitnej a odolnej text\u00edlie, je ide\u00e1lny na ka\u017edodenn\u00e9 pou\u017e\u00edvanie, cestovanie alebo outdoorov\u00e9 aktivity. V\u010faka svojmu elegantn\u00e9mu dizajnu a praktick\u00fdm funkci\u00e1m pon\u00faka batoh dokonal\u00fa rovnov\u00e1hu medzi \u0161t\u00fdlom a funk\u010dnos\u0165ou \u2014 ide\u00e1lnu pre akt\u00edvnych \u013eud\u00ed, ktor\u00ed s\u00fa neust\u00e1le v pohybe.<\/p>\n<p>Vlastnosti:<\/p>\n<p>Nylonov\u00e9 p\u00fatko na pren\u00e1\u0161anie<br \/>\nNastavite\u013en\u00e9 a vystu\u017een\u00e9 ramenn\u00e9 popruhy<br \/>\nHlavn\u00e1 priehradka na zips<br \/>\nPredn\u00e9 vrecko na zips<br \/>\nPolstrovan\u00fd chrb\u00e1t<br \/>\nV\u00fdstup na sl\u00fachadl\u00e1<\/p>\n<p>Objem: 15,5 litra<br \/>\nRozmery: 40 \u00d7 28 \u00d7 14 cm<\/p>\n","protected":false},"excerpt":{"rendered":"<p>Odoln\u00fd a pohodln\u00fd batoh s polstrovan\u00fdmi popruhmi a praktick\u00fdmi vreckami \u2014 ide\u00e1lny na ka\u017edodenn\u00e9 nosenie, cestovanie \u010di \u0161portov\u00e9 aktivity.<\/p>\n","protected":false},"featured_media":976,"template":"","meta":{"_bst_post_transparent":"default","_bst_post_title":"","_bst_post_layout":"default","_bst_post_sidebar_id":"","_bst_post_content_style":"default","_bst_post_vertical_padding":"default","_bst_post_feature":"","_bst_post_feature_position":"","_bst_post_header":false,"_bst_post_footer":false},"product_brand":[],"product_cat":[96,92,91,93,57],"product_tag":[],"product_brands":[],"class_list":{"0":"post-935","1":"product","2":"type-product","3":"status-publish","4":"has-post-thumbnail","6":"product_cat-doplnky","7":"product_cat-fanusik","8":"product_cat-hrac","9":"product_cat-trener","10":"product_cat-vsetky-produkty","12":"first","13":"instock","14":"shipping-taxable","15":"purchasable","16":"product-type-simple","17":"entry","18":"content-bg","19":"loop-entry"},"_links":{"self":[{"href":"https:\/\/www.oranjeszvolen.sk\/eshop\/index.php\/wp-json\/wp\/v2\/product\/935","targetHints":{"allow":["GET"]}}],"collection":[{"href":"https:\/\/www.oranjeszvolen.sk\/eshop\/index.php\/wp-json\/wp\/v2\/product"}],"about":[{"href":"https:\/\/www.oranjeszvolen.sk\/eshop\/index.php\/wp-json\/wp\/v2\/types\/product"}],"wp:featuredmedia":[{"embeddable":true,"href":"https:\/\/www.oranjeszvolen.sk\/eshop\/index.php\/wp-json\/wp\/v2\/media\/976"}],"wp:attachment":[{"href":"https:\/\/www.oranjeszvolen.sk\/eshop\/index.php\/wp-json\/wp\/v2\/media?parent=935"}],"wp:term":[{"taxonomy":"product_brand","embeddable":true,"href":"https:\/\/www.oranjeszvolen.sk\/eshop\/index.php\/wp-json\/wp\/v2\/product_brand?post=935"},{"taxonomy":"product_cat","embeddable":true,"href":"https:\/\/www.oranjeszvolen.sk\/eshop\/index.php\/wp-json\/wp\/v2\/product_cat?post=935"},{"taxonomy":"product_tag","embeddable":true,"href":"https:\/\/www.oranjeszvolen.sk\/eshop\/index.php\/wp-json\/wp\/v2\/product_tag?post=935"},{"taxonomy":"product_brands","embeddable":true,"href":"https:\/\/www.oranjeszvolen.sk\/eshop\/index.php\/wp-json\/wp\/v2\/product_brands?post=935"}],"curies":[{"name":"wp","href":"https:\/\/api.w.org\/{rel}","templated":true}]}}