{"id":946,"date":"2025-10-06T13:06:10","date_gmt":"2025-10-06T11:06:10","guid":{"rendered":"https:\/\/www.oranjeszvolen.sk\/eshop\/?post_type=product&#038;p=946"},"modified":"2025-10-24T04:05:21","modified_gmt":"2025-10-24T02:05:21","slug":"sportova-mikina","status":"publish","type":"product","link":"https:\/\/www.oranjeszvolen.sk\/eshop\/index.php\/product\/sportova-mikina\/","title":{"rendered":"T\u00edmov\u00e1 bunda Erima"},"content":{"rendered":"<p>Bunda s kapuc\u0148ou SIX WINGS je ide\u00e1lnou vo\u013ebou na \u0161port aj vo\u013en\u00fd \u010das. Vyroben\u00e1 z m\u00e4kk\u00e9ho, funk\u010dn\u00e9ho materi\u00e1lu Cotton Touch, ktor\u00fd zaru\u010duje pr\u00edjemn\u00fd pocit pri nosen\u00ed a vo\u013enos\u0165 pohybu. \u0160irok\u00e9 rebrovan\u00e9 lemy na ruk\u00e1voch a spodnom okraji poskytuj\u00fa maxim\u00e1lne pohodlie a dokonal\u00e9 prisp\u00f4sobenie. Bunda m\u00e1 bo\u010dn\u00e9 vreck\u00e1 na zips pre bezpe\u010dn\u00e9 ulo\u017eenie drobnost\u00ed a modern\u00fd, priliehav\u00fd strih, ktor\u00fd zv\u00fdraz\u0148uje siluetu.<\/p>\n<p><img fetchpriority=\"high\" decoding=\"async\" class=\"\" src=\"https:\/\/www.oranjeszvolen.sk\/eshop\/wp-content\/uploads\/2025\/10\/erima-velkostna-tabulka.png\" alt=\"erima-velkostna-tabulka.png (704\u00d7442)\" width=\"591\" height=\"371\" \/><\/p>\n","protected":false},"excerpt":{"rendered":"<p>\u0160t\u00fdlov\u00e1 tr\u00e9ningov\u00e1 bunda s kapuc\u0148ou z funk\u010dn\u00e9ho materi\u00e1lu Cotton Touch. Pohodln\u00fd priliehav\u00fd strih, rebrovan\u00e9 lemy a praktick\u00e9 vreck\u00e1 na zips.<\/p>\n","protected":false},"featured_media":978,"template":"","meta":{"_bst_post_transparent":"default","_bst_post_title":"","_bst_post_layout":"default","_bst_post_sidebar_id":"","_bst_post_content_style":"default","_bst_post_vertical_padding":"default","_bst_post_feature":"","_bst_post_feature_position":"","_bst_post_header":false,"_bst_post_footer":false},"product_brand":[],"product_cat":[91,93,57,95],"product_tag":[],"product_brands":[],"class_list":{"0":"post-946","1":"product","2":"type-product","3":"status-publish","4":"has-post-thumbnail","6":"product_cat-hrac","7":"product_cat-trener","8":"product_cat-vsetky-produkty","9":"product_cat-oblecenie-vychadzka","11":"first","12":"instock","13":"shipping-taxable","14":"purchasable","15":"product-type-variable","16":"entry","17":"content-bg","18":"loop-entry"},"_links":{"self":[{"href":"https:\/\/www.oranjeszvolen.sk\/eshop\/index.php\/wp-json\/wp\/v2\/product\/946","targetHints":{"allow":["GET"]}}],"collection":[{"href":"https:\/\/www.oranjeszvolen.sk\/eshop\/index.php\/wp-json\/wp\/v2\/product"}],"about":[{"href":"https:\/\/www.oranjeszvolen.sk\/eshop\/index.php\/wp-json\/wp\/v2\/types\/product"}],"wp:featuredmedia":[{"embeddable":true,"href":"https:\/\/www.oranjeszvolen.sk\/eshop\/index.php\/wp-json\/wp\/v2\/media\/978"}],"wp:attachment":[{"href":"https:\/\/www.oranjeszvolen.sk\/eshop\/index.php\/wp-json\/wp\/v2\/media?parent=946"}],"wp:term":[{"taxonomy":"product_brand","embeddable":true,"href":"https:\/\/www.oranjeszvolen.sk\/eshop\/index.php\/wp-json\/wp\/v2\/product_brand?post=946"},{"taxonomy":"product_cat","embeddable":true,"href":"https:\/\/www.oranjeszvolen.sk\/eshop\/index.php\/wp-json\/wp\/v2\/product_cat?post=946"},{"taxonomy":"product_tag","embeddable":true,"href":"https:\/\/www.oranjeszvolen.sk\/eshop\/index.php\/wp-json\/wp\/v2\/product_tag?post=946"},{"taxonomy":"product_brands","embeddable":true,"href":"https:\/\/www.oranjeszvolen.sk\/eshop\/index.php\/wp-json\/wp\/v2\/product_brands?post=946"}],"curies":[{"name":"wp","href":"https:\/\/api.w.org\/{rel}","templated":true}]}}