{"id":960,"date":"2025-10-06T13:32:27","date_gmt":"2025-10-06T11:32:27","guid":{"rendered":"https:\/\/www.oranjeszvolen.sk\/eshop\/?post_type=product&#038;p=960"},"modified":"2026-02-10T19:50:54","modified_gmt":"2026-02-10T18:50:54","slug":"mikina","status":"publish","type":"product","link":"https:\/\/www.oranjeszvolen.sk\/eshop\/index.php\/product\/mikina\/","title":{"rendered":"Mikina p\u00e1nska"},"content":{"rendered":"<p>\u0160t\u00fdlov\u00e1 p\u00e1nska mikina s kapuc\u0148ou Oranjes kombinuje pohodlie a modern\u00fd dizajn. Vyroben\u00e1 z m\u00e4kk\u00e9ho a pr\u00edjemn\u00e9ho materi\u00e1lu, ktor\u00fd zaru\u010duje komfort po\u010das cel\u00e9ho d\u0148a. Mikina m\u00e1 praktick\u00fa predn\u00fa klokaniu kapsu, \u0161irok\u00e9 rebrovan\u00e9 lemy na ruk\u00e1voch a spodnom okraji pre lep\u0161ie prisp\u00f4sobenie a teplo. Kapuc\u0148a s nastavite\u013enou \u0161n\u00farkou umo\u017e\u0148uje individu\u00e1lne nastavenie a dod\u00e1va mikine \u0161portov\u00fd vzh\u013ead. Origin\u00e1lny potla\u010den\u00fd mot\u00edv na prednej strane pod\u010diarkuje jedine\u010dn\u00fd \u0161t\u00fdl.<\/p>\n<table class=\"bordered\">\n<tbody>\n<tr>\n<th colspan=\"10\">Ve\u013ekostn\u00e1 tabu\u013eka<\/th>\n<\/tr>\n<tr>\n<td><\/td>\n<td>XS<\/td>\n<td>S<\/td>\n<td>M<\/td>\n<td>L<\/td>\n<td>XL<\/td>\n<td>XXL<\/td>\n<td>3XL<\/td>\n<td>4XL<\/td>\n<td>5XL<\/td>\n<\/tr>\n<tr>\n<td>Hrudn\u00edk<\/td>\n<td>49cm<\/td>\n<td>51cm<\/td>\n<td>56cm<\/td>\n<td>61cm<\/td>\n<td>65cm<\/td>\n<td>69cm<\/td>\n<td>73cm<\/td>\n<td>78cm<\/td>\n<td>83cm<\/td>\n<\/tr>\n<tr>\n<td>Celkov\u00e1 dl\u017eka<\/td>\n<td>64cm<\/td>\n<td>67cm<\/td>\n<td>70cm<\/td>\n<td>73cm<\/td>\n<td>76cm<\/td>\n<td>79cm<\/td>\n<td>82cm<\/td>\n<td>86cm<\/td>\n<td>90cm<\/td>\n<\/tr>\n<tr>\n<td>D\u013a\u017eka ruk\u00e1vu<\/td>\n<td>57.5cm<\/td>\n<td>59cm<\/td>\n<td>60.5cm<\/td>\n<td>62cm<\/td>\n<td>63.5cm<\/td>\n<td>65cm<\/td>\n<td>66.5cm<\/td>\n<td>68.5cm<\/td>\n<td>70.5cm<\/td>\n<\/tr>\n<\/tbody>\n<\/table>\n","protected":false},"excerpt":{"rendered":"<p>\u010cierna p\u00e1nska mikina s kapuc\u0148ou Oranjes, prednou klokaniou kapsou a modern\u00fdm potla\u010den\u00fdm mot\u00edvom. Pohodln\u00e1 a \u0161t\u00fdlov\u00e1 na ka\u017edodenn\u00e9 nosenie.<\/p>\n","protected":false},"featured_media":1001,"template":"","meta":{"_bst_post_transparent":"default","_bst_post_title":"","_bst_post_layout":"default","_bst_post_sidebar_id":"","_bst_post_content_style":"default","_bst_post_vertical_padding":"default","_bst_post_feature":"","_bst_post_feature_position":"","_bst_post_header":false,"_bst_post_footer":false},"product_brand":[],"product_cat":[92,97,93,57],"product_tag":[],"product_brands":[],"class_list":{"0":"post-960","1":"product","2":"type-product","3":"status-publish","4":"has-post-thumbnail","6":"product_cat-fanusik","7":"product_cat-oblecenie-fanusik","8":"product_cat-trener","9":"product_cat-vsetky-produkty","11":"first","12":"instock","13":"shipping-taxable","14":"purchasable","15":"product-type-variable","16":"entry","17":"content-bg","18":"loop-entry"},"_links":{"self":[{"href":"https:\/\/www.oranjeszvolen.sk\/eshop\/index.php\/wp-json\/wp\/v2\/product\/960","targetHints":{"allow":["GET"]}}],"collection":[{"href":"https:\/\/www.oranjeszvolen.sk\/eshop\/index.php\/wp-json\/wp\/v2\/product"}],"about":[{"href":"https:\/\/www.oranjeszvolen.sk\/eshop\/index.php\/wp-json\/wp\/v2\/types\/product"}],"wp:featuredmedia":[{"embeddable":true,"href":"https:\/\/www.oranjeszvolen.sk\/eshop\/index.php\/wp-json\/wp\/v2\/media\/1001"}],"wp:attachment":[{"href":"https:\/\/www.oranjeszvolen.sk\/eshop\/index.php\/wp-json\/wp\/v2\/media?parent=960"}],"wp:term":[{"taxonomy":"product_brand","embeddable":true,"href":"https:\/\/www.oranjeszvolen.sk\/eshop\/index.php\/wp-json\/wp\/v2\/product_brand?post=960"},{"taxonomy":"product_cat","embeddable":true,"href":"https:\/\/www.oranjeszvolen.sk\/eshop\/index.php\/wp-json\/wp\/v2\/product_cat?post=960"},{"taxonomy":"product_tag","embeddable":true,"href":"https:\/\/www.oranjeszvolen.sk\/eshop\/index.php\/wp-json\/wp\/v2\/product_tag?post=960"},{"taxonomy":"product_brands","embeddable":true,"href":"https:\/\/www.oranjeszvolen.sk\/eshop\/index.php\/wp-json\/wp\/v2\/product_brands?post=960"}],"curies":[{"name":"wp","href":"https:\/\/api.w.org\/{rel}","templated":true}]}}