{"id":969,"date":"2025-10-06T13:42:27","date_gmt":"2025-10-06T11:42:27","guid":{"rendered":"https:\/\/www.oranjeszvolen.sk\/eshop\/?post_type=product&#038;p=969"},"modified":"2025-11-30T18:49:59","modified_gmt":"2025-11-30T17:49:59","slug":"detska-siltovka-oranzova","status":"publish","type":"product","link":"https:\/\/www.oranjeszvolen.sk\/eshop\/index.php\/product\/detska-siltovka-oranzova\/","title":{"rendered":"Detsk\u00e1 \u0161iltovka oran\u017eov\u00e1"},"content":{"rendered":"<p>Oran\u017eov\u00e1 \u0161iltovka s polstrovan\u00fdm predn\u00fdm panelom a \u0161iltom prin\u00e1\u0161a pohodlie aj \u0161t\u00fdl v jednom. Sie\u0165ka vzadu zais\u0165uje v\u00fdborn\u00fa priedu\u0161nos\u0165, zatia\u013e \u010do snapback zap\u00ednanie vo vintage \u0161t\u00fdle umo\u017e\u0148uje jednoduch\u00e9 nastavenie ve\u013ekosti. Vyroben\u00e1 zo 100 % polyesteru \u2013 \u013eahk\u00e9ho, odoln\u00e9ho a nen\u00e1ro\u010dn\u00e9ho na \u00fadr\u017ebu. \u0160iltovku odpor\u00fa\u010dame \u010disti\u0165 iba hubkou, pra\u0165 sa neodpor\u00fa\u010da. Ide\u00e1lny doplnok na leto, \u0161port aj be\u017en\u00e9 nosenie.<\/p>\n","protected":false},"excerpt":{"rendered":"<p>Oran\u017eov\u00e1 \u0161iltovka so sie\u0165kou, polstrovan\u00fdm predn\u00fdm panelom a pevn\u00fdm \u0161iltom. Snapback zap\u00ednanie vo vintage \u0161t\u00fdle, 100 % polyester. \u010cisti\u0165 iba hubkou, nepra\u0165.<\/p>\n","protected":false},"featured_media":992,"template":"","meta":{"_bst_post_transparent":"default","_bst_post_title":"","_bst_post_layout":"default","_bst_post_sidebar_id":"","_bst_post_content_style":"default","_bst_post_vertical_padding":"default","_bst_post_feature":"","_bst_post_feature_position":"","_bst_post_header":false,"_bst_post_footer":false},"product_brand":[],"product_cat":[91,57,95],"product_tag":[],"product_brands":[],"class_list":{"0":"post-969","1":"product","2":"type-product","3":"status-publish","4":"has-post-thumbnail","6":"product_cat-hrac","7":"product_cat-vsetky-produkty","8":"product_cat-oblecenie-vychadzka","10":"first","11":"instock","12":"shipping-taxable","13":"purchasable","14":"product-type-simple","15":"entry","16":"content-bg","17":"loop-entry"},"_links":{"self":[{"href":"https:\/\/www.oranjeszvolen.sk\/eshop\/index.php\/wp-json\/wp\/v2\/product\/969","targetHints":{"allow":["GET"]}}],"collection":[{"href":"https:\/\/www.oranjeszvolen.sk\/eshop\/index.php\/wp-json\/wp\/v2\/product"}],"about":[{"href":"https:\/\/www.oranjeszvolen.sk\/eshop\/index.php\/wp-json\/wp\/v2\/types\/product"}],"wp:featuredmedia":[{"embeddable":true,"href":"https:\/\/www.oranjeszvolen.sk\/eshop\/index.php\/wp-json\/wp\/v2\/media\/992"}],"wp:attachment":[{"href":"https:\/\/www.oranjeszvolen.sk\/eshop\/index.php\/wp-json\/wp\/v2\/media?parent=969"}],"wp:term":[{"taxonomy":"product_brand","embeddable":true,"href":"https:\/\/www.oranjeszvolen.sk\/eshop\/index.php\/wp-json\/wp\/v2\/product_brand?post=969"},{"taxonomy":"product_cat","embeddable":true,"href":"https:\/\/www.oranjeszvolen.sk\/eshop\/index.php\/wp-json\/wp\/v2\/product_cat?post=969"},{"taxonomy":"product_tag","embeddable":true,"href":"https:\/\/www.oranjeszvolen.sk\/eshop\/index.php\/wp-json\/wp\/v2\/product_tag?post=969"},{"taxonomy":"product_brands","embeddable":true,"href":"https:\/\/www.oranjeszvolen.sk\/eshop\/index.php\/wp-json\/wp\/v2\/product_brands?post=969"}],"curies":[{"name":"wp","href":"https:\/\/api.w.org\/{rel}","templated":true}]}}